igit of 12040?
2
What is the tens digit of 1577?
7
What is the hundreds digit of 1271?
2
What is the tens digit of 832?
3
What is the ten thousands digit of 96175?
9
What is the ten thousands digit of 27175?
2
What is the tens digit of 9510?
1
What is the thousands digit of 91517?
1
What is the hundreds digit of 275?
2
What is the thousands digit of 2261?
2
What is the hundreds digit of 19497?
4
What is the tens digit of 241?
4
What is the tens digit of 1721?
2
What is the tens digit of 538?
3
What is the hundreds digit of 1378?
3
What is the thousands digit of 1046?
1
What is the hundreds digit of 12584?
5
What is the tens digit of 79535?
3
What is the tens digit of 14199?
9
What is the ten thousands digit of 22606?
2
What is the tens digit of 863?
6
What is the hundreds digit of 5314?
3
What is the hundreds digit of 3243?
2
What is the hundreds digit of 46428?
4
What is the tens digit of 2336?
3
What is the tens digit of 9514?
1
What is the tens digit of 1013?
1
What is the hundreds digit of 734?
7
What is the hundreds digit of 4875?
8
What is the thousands digit of 6738?
6
What is the units digit of 32303?
3
What is the units digit of 3623?
3
What is the units digit of 993?
3
What is the hundreds digit of 49562?
5
What is the tens digit of 61626?
2
What is the tens digit of 5880?
8
What is the thousands digit of 1685?
1
What is the thousands digit of 1500?
1
What is the tens digit of 934?
3
What is the units digit of 4055?
5
What is the tens digit of 2921?
2
What is the thousands digit of 38907?
8
What is the hundreds digit of 7382?
3
What is the units digit of 3607?
7
What is the hundreds digit of 12071?
0
What is the thousands digit of 2007?
2
What is the units digit of 59213?
3
What is the ten thousands digit of 21245?
2
What is the thousands digit of 1768?
1
What is the tens digit of 1542?
4
What is the hundreds digit of 2882?
8
What is the ten thousands digit of 11788?
1
What is the tens digit of 28761?
6
What is the thousands digit of 43706?
3
What is the units digit of 2059?
9
What is the thousands digit of 1090?
1
What is the hundreds digit of 73556?
5
What is the units digit of 62595?
5
What is the hundreds digit of 2265?
2
What is the hundreds digit of 357?
3
What is the thousands digit of 3692?
3
What is the units digit of 665?
5
What is the thousands digit of 20060?
0
What is the thousands digit of 7843?
7
What is the units digit of 2642?
2
What is the tens digit of 137369?
6
What is the hundreds digit of 68037?
0
What is the ten thousands digit of 41468?
4
What is the tens digit of 86371?
7
What is the units digit of 814?
4
What is the ten thousands digit of 116974?
1
What is the tens digit of 28?
2
What is the hundreds digit of 2813?
8
What is the tens digit of 1168?
6
What is the ten thousands digit of 21128?
2
What is the units digit of 23401?
1
What is the tens digit of 76?
7
What is the hundreds digit of 824?
8
What is the hundreds digit of 355?
3
What is the thousands digit of 1423?
1
What is the units digit of 5448?
8
What is the tens digit of 1381?
8
What is the tens digit of 2921?
2
What is the thousands digit of 29795?
9
What is the tens digit of 9607?
0
What is the ten thousands digit of 13691?
1
What is the tens digit of 36365?
6
What is the units digit of 4175?
5
What is the thousands digit of 68573?
8
What is the tens digit of 69503?
0
What is the thousands digit of 2486?
2
What is the units digit of 34522?
2
What is the units digit of 216?
6
What is the tens digit of 1490?
9
What is the units digit of 3176?
6
What is the tens digit of 620?
2
What is the tens digit of 548?
4
What is the tens digit of 4241?
4
What is the units digit of 3651?
1
What is the units digit of 957?
7
What is the hundreds digit of 2308?
3
What is the hundreds digit of 5337?
3
What is the tens digit of 1111?
1
What is the tens digit of 3605?
0
What is the hundreds digit of 31551?
5
What is the units digit of 863?
3
What is the hundreds digit of 1543?
5
What is the tens digit of 6773?
7
What is the thousands digit of 2765?
2
What is the units digit of 336?
6
What is the tens digit of 5255?
5
What is the hundreds digit of 13185?
1
What is the ten thousands digit of 27711?
2
What is the tens digit of 3092?
9
What is the thousands digit of 2269?
2
What is the tens digit of 11009?
0
What is the hundreds digit of 35502?
5
What is the thousands digit of 13226?
3
What is the tens digit of 11686?
8
What is the units digit of 82199?
9
What is the hundreds digit of 54077?
0
What is the tens digit of 12549?
4
What is the tens digit of 387?
8
What is the hundreds digit of 13359?
3
What is the units digit of 114930?
0
What is the tens digit of 308?
0
What is the tens digit of 27929?
2
What is the units digit of 4?
4
What is the tens digit of 56994?
9
What is the hundreds digit of 371?
3
What is the thousands digit of 29916?
9
What is the units digit of 25496?
6
What is the tens digit of 24956?
5
What is the thousands digit of 1136?
1
What is the hundreds digit of 10459?
4
What is the hundreds digit of 2809?
8
What is the thousands digit of 2416?
2
What is the hundreds digit of 104048?
0
What is the ten thousands digit of 107341?
0
What is the hundreds digit of 188?
1
What is the ten thousands digit of 15842?
1
What is the units digit of 3208?
8
What is the hundreds digit of 1933?
9
What is the thousands digit of 43732?
3
What is the units digit of 5531?
1
What is the units digit of 912?
2
What is the thousands digit of 6353?
6
What is the thousands digit of 2924?
2
What is the tens digit of 516?
1
What is the hundreds digit of 121692?
6
What is the ten thousands digit of 176532?
7
What is the tens digit of 4602?
0
What is the hundreds digit of 15931?
9
What is the hundreds digit of 512?
5
What is the units digit of 4298?
8
What is the hundreds digit of 3230?
2
What is the units digit of 82737?
7
What is the thousands digit of 3779?
3
What is the ten thousands digit of 59220?
5
What is the tens digit of 490?
9
What is the hundreds digit of 471?
4
What is the thousands digit of 65448?
5
What is the thousands digit of 1057?
1
What is the hundreds digit of 4026?
0
What is the hundreds digit of 243?
2
What is the thousands digit of 98231?
8
What is the tens digit of 3515?
1
What is the hundreds digit of 718?
7
What is the tens digit of 4116?
1
What is the thousands digit of 1652?
1
What is the tens digit of 5401?
0
What is the units digit of 860?
0
What is the hundreds digit of 9560?
5
What is the hundreds digit of 8077?
0
What is the units digit of 8661?
1
What is the units digit of 8183?
3
What is the tens digit of 186?
8
What is the thousands digit of 22447?
2
What is the units digit of 1640?
0
What is the units digit of 2181?
1
What is the hundreds digit of 856?
8
What is the tens digit of 177?
7
What is the tens digit of 1175?
7
What is the hundreds digit of 29187?
1
What is the ten thousands digit of 48427?
4
What is the units digit of 16689?
9
What is the tens digit of 6959?
5
What is the tens digit of 9728?
2
What is the tens digit of 7853?
5
What is the hundreds digit of 490?
4
What is the tens digit of 1761?
6
What is the hundreds digit of 2291?
2
What is the thousands digit of 1999?
1
What is the hundreds digit of 61865?
8
What is the ten thousands digit of 10605?
1
What is the hundreds digit of 1457?
4
What is the hundreds digit of 61354?
3
What is the tens digit of 492?
9
What is the tens digit of 251?
5
What is the hundreds digit of 845?
8
What is the tens digit of 10570?
7
What is the tens digit of 1015?
1
What is the hundreds digit of 22914?
9
What is the units digit of 49169?
9
What is the hundreds digit of 3201?
2
What is the thousands digit of 68114?
8
What is the tens digit of 1271?
7
What is the tens digit of 31687?
8
What is the units digit of 2733?
3
What is the units digit of 43965?
5
What is the units digit of 308?
8
What is the tens digit of 205?
0
What is the hundreds digit of 188424?
4
What is the thousands digit of 11167?
1
What is the thousands digit of 1352?
1
What is the units digit of 85433?
3
What is the ten thousands digit of 13333?
1
What is the thousands digit of 1403?
1
What is the thousands digit of 6565?
6
What is the thousands digit of 37988?
7
What is the hundreds digit of 98137?
1
What is the thousands digit of 